{"id":31516,"date":"2026-05-02T16:16:18","date_gmt":"2026-05-02T14:16:18","guid":{"rendered":"https:\/\/viktimologija.com.hr\/wp\/wp-content\/uploads\/2026\/05\/Godisnjica-smrti-Gojko-Susak-2-svibnja-2026.jpg"},"modified":"2026-05-02T16:16:18","modified_gmt":"2026-05-02T14:16:18","slug":"godisnjica-smrti-gojko-susak-2-svibnja-2026","status":"inherit","type":"attachment","link":"https:\/\/viktimologija.com.hr\/wp\/sveta-misa-zadusnica-za-ministra-obrane-rh-gojka-suska\/godisnjica-smrti-gojko-susak-2-svibnja-2026\/","title":{"rendered":"Godi\u0161njica smrti Gojko \u0160u\u0161ak 2 svibnja 2026"},"author":1,"featured_media":0,"comment_status":"open","ping_status":"closed","template":"","meta":[],"class_list":["post-31516","attachment","type-attachment","status-inherit","hentry"],"description":{"rendered":"<p class=\"attachment\"><a href='https:\/\/viktimologija.com.hr\/wp\/wp-content\/uploads\/2026\/05\/Godisnjica-smrti-Gojko-Susak-2-svibnja-2026.jpg'><img loading=\"lazy\" decoding=\"async\" width=\"320\" height=\"203\" src=\"https:\/\/viktimologija.com.hr\/wp\/wp-content\/uploads\/2026\/05\/Godisnjica-smrti-Gojko-Susak-2-svibnja-2026-320x203.jpg\" class=\"attachment-medium size-medium\" alt=\"\" srcset=\"https:\/\/viktimologija.com.hr\/wp\/wp-content\/uploads\/2026\/05\/Godisnjica-smrti-Gojko-Susak-2-svibnja-2026-320x203.jpg 320w, https:\/\/viktimologija.com.hr\/wp\/wp-content\/uploads\/2026\/05\/Godisnjica-smrti-Gojko-Susak-2-svibnja-2026-900x571.jpg 900w, https:\/\/viktimologija.com.hr\/wp\/wp-content\/uploads\/2026\/05\/Godisnjica-smrti-Gojko-Susak-2-svibnja-2026-768x487.jpg 768w, https:\/\/viktimologija.com.hr\/wp\/wp-content\/uploads\/2026\/05\/Godisnjica-smrti-Gojko-Susak-2-svibnja-2026-830x526.jpg 830w, https:\/\/viktimologija.com.hr\/wp\/wp-content\/uploads\/2026\/05\/Godisnjica-smrti-Gojko-Susak-2-svibnja-2026-230x146.jpg 230w, https:\/\/viktimologija.com.hr\/wp\/wp-content\/uploads\/2026\/05\/Godisnjica-smrti-Gojko-Susak-2-svibnja-2026-350x222.jpg 350w, https:\/\/viktimologija.com.hr\/wp\/wp-content\/uploads\/2026\/05\/Godisnjica-smrti-Gojko-Susak-2-svibnja-2026-480x304.jpg 480w, https:\/\/viktimologija.com.hr\/wp\/wp-content\/uploads\/2026\/05\/Godisnjica-smrti-Gojko-Susak-2-svibnja-2026.jpg 1156w\" sizes=\"auto, (max-width: 320px) 100vw, 320px\" \/><\/a><\/p>\n"},"caption":{"rendered":""},"alt_text":"","media_type":"image","mime_type":"image\/jpeg","media_details":{"width":1156,"height":733,"file":"2026\/05\/Godisnjica-smrti-Gojko-Susak-2-svibnja-2026.jpg","filesize":82905,"sizes":{"medium":{"file":"Godisnjica-smrti-Gojko-Susak-2-svibnja-2026-320x203.jpg","width":320,"height":203,"filesize":11461,"mime_type":"image\/jpeg","source_url":"https:\/\/viktimologija.com.hr\/wp\/wp-content\/uploads\/2026\/05\/Godisnjica-smrti-Gojko-Susak-2-svibnja-2026-320x203.jpg"},"large":{"file":"Godisnjica-smrti-Gojko-Susak-2-svibnja-2026-900x571.jpg","width":900,"height":571,"filesize":62238,"mime_type":"image\/jpeg","source_url":"https:\/\/viktimologija.com.hr\/wp\/wp-content\/uploads\/2026\/05\/Godisnjica-smrti-Gojko-Susak-2-svibnja-2026-900x571.jpg"},"thumbnail":{"file":"Godisnjica-smrti-Gojko-Susak-2-svibnja-2026-200x200.jpg","width":200,"height":200,"filesize":9748,"mime_type":"image\/jpeg","source_url":"https:\/\/viktimologija.com.hr\/wp\/wp-content\/uploads\/2026\/05\/Godisnjica-smrti-Gojko-Susak-2-svibnja-2026-200x200.jpg"},"medium_large":{"file":"Godisnjica-smrti-Gojko-Susak-2-svibnja-2026-768x487.jpg","width":768,"height":487,"filesize":48933,"mime_type":"image\/jpeg","source_url":"https:\/\/viktimologija.com.hr\/wp\/wp-content\/uploads\/2026\/05\/Godisnjica-smrti-Gojko-Susak-2-svibnja-2026-768x487.jpg"},"large-thumb":{"file":"Godisnjica-smrti-Gojko-Susak-2-svibnja-2026-830x526.jpg","width":830,"height":526,"filesize":54371,"mime_type":"image\/jpeg","source_url":"https:\/\/viktimologija.com.hr\/wp\/wp-content\/uploads\/2026\/05\/Godisnjica-smrti-Gojko-Susak-2-svibnja-2026-830x526.jpg"},"medium-thumb":{"file":"Godisnjica-smrti-Gojko-Susak-2-svibnja-2026-550x400.jpg","width":550,"height":400,"filesize":33858,"mime_type":"image\/jpeg","source_url":"https:\/\/viktimologija.com.hr\/wp\/wp-content\/uploads\/2026\/05\/Godisnjica-smrti-Gojko-Susak-2-svibnja-2026-550x400.jpg"},"small-thumb":{"file":"Godisnjica-smrti-Gojko-Susak-2-svibnja-2026-230x146.jpg","width":230,"height":146,"filesize":7199,"mime_type":"image\/jpeg","source_url":"https:\/\/viktimologija.com.hr\/wp\/wp-content\/uploads\/2026\/05\/Godisnjica-smrti-Gojko-Susak-2-svibnja-2026-230x146.jpg"},"sydney-service-thumb":{"file":"Godisnjica-smrti-Gojko-Susak-2-svibnja-2026-350x222.jpg","width":350,"height":222,"filesize":13863,"mime_type":"image\/jpeg","source_url":"https:\/\/viktimologija.com.hr\/wp\/wp-content\/uploads\/2026\/05\/Godisnjica-smrti-Gojko-Susak-2-svibnja-2026-350x222.jpg"},"sydney-mas-thumb":{"file":"Godisnjica-smrti-Gojko-Susak-2-svibnja-2026-480x304.jpg","width":480,"height":304,"filesize":22616,"mime_type":"image\/jpeg","source_url":"https:\/\/viktimologija.com.hr\/wp\/wp-content\/uploads\/2026\/05\/Godisnjica-smrti-Gojko-Susak-2-svibnja-2026-480x304.jpg"},"sow-carousel-default":{"file":"Godisnjica-smrti-Gojko-Susak-2-svibnja-2026-272x182.jpg","width":272,"height":182,"filesize":9759,"mime_type":"image\/jpeg","source_url":"https:\/\/viktimologija.com.hr\/wp\/wp-content\/uploads\/2026\/05\/Godisnjica-smrti-Gojko-Susak-2-svibnja-2026-272x182.jpg"},"full":{"file":"Godisnjica-smrti-Gojko-Susak-2-svibnja-2026.jpg","width":1156,"height":733,"mime_type":"image\/jpeg","source_url":"https:\/\/viktimologija.com.hr\/wp\/wp-content\/uploads\/2026\/05\/Godisnjica-smrti-Gojko-Susak-2-svibnja-2026.jpg"}},"image_meta":{"aperture":"0","credit":"","camera":"","caption":"","created_timestamp":"0","copyright":"","focal_length":"0","iso":"0","shutter_speed":"0","title":"","orientation":"0","keywords":[]}},"post":31513,"source_url":"https:\/\/viktimologija.com.hr\/wp\/wp-content\/uploads\/2026\/05\/Godisnjica-smrti-Gojko-Susak-2-svibnja-2026.jpg","_links":{"self":[{"href":"https:\/\/viktimologija.com.hr\/wp\/wp-json\/wp\/v2\/media\/31516","targetHints":{"allow":["GET"]}}],"collection":[{"href":"https:\/\/viktimologija.com.hr\/wp\/wp-json\/wp\/v2\/media"}],"about":[{"href":"https:\/\/viktimologija.com.hr\/wp\/wp-json\/wp\/v2\/types\/attachment"}],"author":[{"embeddable":true,"href":"https:\/\/viktimologija.com.hr\/wp\/wp-json\/wp\/v2\/users\/1"}],"replies":[{"embeddable":true,"href":"https:\/\/viktimologija.com.hr\/wp\/wp-json\/wp\/v2\/comments?post=31516"}],"wp:attached-to":[{"embeddable":true,"post_type":"post","id":31513,"href":"https:\/\/viktimologija.com.hr\/wp\/wp-json\/wp\/v2\/posts\/31513"}],"curies":[{"name":"wp","href":"https:\/\/api.w.org\/{rel}","templated":true}]}}

Godišnjica smrti Gojko Šušak 2 svibnja 2026
